7012 is divided by 162.
2
Calculate the remainder when 1723571 is divided by 2374.
47
What is the remainder when 14614524 is divided by 186?
132
What is the remainder when 8557375 is divided by 3626?
15
Calculate the remainder when 53675933 is divided by 262.
255
What is the remainder when 1413273 is divided by 645?
78
Calculate the remainder when 2420544 is divided by 83467.
1
What is the remainder when 97192 is divided by 2557?
26
Calculate the remainder when 590723 is divided by 186.
173
Calculate the remainder when 5707857 is divided by 475654.
9
What is the remainder when 42576 is divided by 11316?
8628
What is the remainder when 351967 is divided by 117162?
481
What is the remainder when 29676753 is divided by 383?
381
What is the remainder when 4465977 is divided by 32?
25
What is the remainder when 111748 is divided by 15952?
84
What is the remainder when 35291 is divided by 7001?
286
Calculate the remainder when 366098 is divided by 73205.
73
Calculate the remainder when 198403 is divided by 17996.
447
Calculate the remainder when 2314515 is divided by 1891.
1822
Calculate the remainder when 410564 is divided by 1173.
14
Calculate the remainder when 13654988 is divided by 1414.
1404
What is the remainder when 1335082 is divided by 774?
706
What is the remainder when 1133156 is divided by 94392?
452
Calculate the remainder when 17077603 is divided by 1108.
1107
Calculate the remainder when 488693 is divided by 27123.
479
What is the remainder when 4407551 is divided by 1469156?
83
What is the remainder when 591192337 is divided by 22?
21
Calculate the remainder when 114080624 is divided by 51.
50
What is the remainder when 228905 is divided by 193?
7
Calculate the remainder when 259009 is divided by 191.
13
Calculate the remainder when 6175586 is divided by 64329.
2
What is the remainder when 3482829 is divided by 41?
2
What is the remainder when 14660350 is divided by 21?
19
Calculate the remainder when 11774033 is divided by 2505.
533
What is the remainder when 245609710 is divided by 9?
7
Calculate the remainder when 84279 is divided by 20989.
323
What is the remainder when 4033124 is divided by 298?
290
Calculate the remainder when 267777005 is divided by 145.
140
Calculate the remainder when 8923 is divided by 2219.
47
Calculate the remainder when 3665246 is divided by 1125.
1121
Calculate the remainder when 1272398 is divided by 429.
413
What is the remainder when 71055442 is divided by 14?
10
What is the remainder when 1503740 is divided by 158?
54
Calculate the remainder when 3400854 is divided by 99.
6
What is the remainder when 510558 is divided by 14172?
366
Calculate the remainder when 311607 is divided by 3581.
60
What is the remainder when 101914 is divided by 4631?
32
Calculate the remainder when 4405603 is divided by 172.
167
Calculate the remainder when 160976 is divided by 160951.
25
Calculate the remainder when 32381971 is divided by 899.
890
Calculate the remainder when 13847455 is divided by 52.
11
Calculate the remainder when 16425750 is divided by 456269.
66
What is the remainder when 383981 is divided by 383964?
17
What is the remainder when 1066666 is divided by 643?
572
What is the remainder when 35106289 is divided by 1023?
1021
Calculate the remainder when 1673321 is divided by 5711.
5709
What is the remainder when 61002 is divided by 793?
734
Calculate the remainder when 101498386 is divided by 71.
52
What is the remainder when 2037033 is divided by 2188?
5
Calculate the remainder when 111909 is divided by 135.
129
Calculate the remainder when 582443 is divided by 3366.
125
What is the remainder when 911893 is divided by 5300?
293
Calculate the remainder when 4251525 is divided by 324.
321
Calculate the remainder when 2991211 is divided by 489.
487
Calculate the remainder when 2526431 is divided by 1582.
1559
What is the remainder when 254391412 is divided by 9733?
9724
What is the remainder when 85155 is divided by 3434?
2739
What is the remainder when 66822 is divided by 16328?
1510
What is the remainder when 2990505 is divided by 24?
9
What is the remainder when 835096 is divided by 208766?
32
What is the remainder when 823795 is divided by 24?
19
Calculate the remainder when 179541 is divided by 3094.
89
What is the remainder when 114539 is divided by 22006?
4509
What is the remainder when 20286 is divided by 14676?
5610
What is the remainder when 878690 is divided by 29?
19
What is the remainder when 487414 is divided by 121851?
10
What is the remainder when 5502192 is divided by 323641?
295
What is the remainder when 3674733 is divided by 1148?
1133
What is the remainder when 224684 is divided by 10533?
3491
What is the remainder when 6392675 is divided by 144?
83
What is the remainder when 2723483 is divided by 385?
378
Calculate the remainder when 569026 is divided by 569013.
13
Calculate the remainder when 697943 is divided by 275.
268
Calculate the remainder when 25584635 is divided by 924.
923
What is the remainder when 145460112 is divided by 7097?
0
What is the remainder when 2133123 is divided by 3634?
3599
What is the remainder when 3558477 is divided by 395379?
66
What is the remainder when 78333 is divided by 25965?
438
Calculate the remainder when 170204 is divided by 4427.
1978
Calculate the remainder when 128594 is divided by 4641.
3287
Calculate the remainder when 108202 is divided by 158.
130
Calculate the remainder when 652386 is divided by 217424.
114
Calculate the remainder when 1089961 is divided by 45413.
49
Calculate the remainder when 41332 is divided by 13243.
1603
Calculate the remainder when 1537690285 is divided by 5582.
5581
Calculate the remainder when 2375807 is divided by 4.
3
What is the remainder when 823740 is divided by 25?
15
What is the remainder when 424364 is divided by 12481?
10
What is the remainder when 314018331 is divided by 259?
256
What is the remainder when 241673 is divided by 79382?
3527
What is the remainder when 106905 is divided by 338?
97
What is the remainder when 2395415 is divided by 175?
15
What is the remainder when 6912268 is divided by 349?
323
Calculate the remainder when 2243552 is divided by 2320.
112
Calculate the remainder when 9960318 is divided by 62.
18
Calculate the remainder when 14044863 is divided by 36105.
18
What is the remainder when 3509048 is divided by 1754410?
228
What is the remainder when 14185 is divided by 4630?
295
What is the remainder when 13114872 is divided by 8041?
1
What is the remainder when 2133429 is divided by 4?
1
Calculate the remainder when 3790171 is divided by 383.
3
Calculate the remainder when 316798 is divided by 2959.
185
What is the remainder when 189116 is divided by 26889?
893
What is the remainder when 73964 is divided by 14707?
429
Calculate the remainder when 482387 is divided by 136.
131
What is the remainder when 79627 is divided by 15582?
1717
Calculate the remainder when 30054266 is divided by 986.
0
What is the remainder when 1581720 is divided by 621?
33
What is the remainder when 7179169 is divided by 101?
89
Calculate the remainder when 1691486 is divided by 524.
14
What is the remainder when 2458372 is divided by 122918?
12
What is the remainder when 6960293 is divided by 50?
43
What is the remainder when 1609255 is divided by 4572?
4483
Calculate the remainder when 269656 is divided by 920.
96
What is the remainder when 3179420 is divided by 63?
62
Calculate the remainder when 320440983 is divided by 2702.
2697
Calculate the remainder when 223862 is divided by 275.
12
Calculate the remainder when 3589148 is divided by 9018.
9002
What is the remainder when 5997447 is divided by 2461?
2451
Calculate the remainder when 52943 is divided by 9139.
7248
Calculate the remainder when 3353218 is divided by 4288.
2
What is the remainder when 3898839 is divided by 2183?
1
What is the remainder when 6077254 is divided by 724?
722
What is the remainder when 557337143 is divided by 104?
103
What is the remainder when 58874218 is divided by 29437093?
32
What is the remainder when 659043 is divided by 219433?
744
Calculate the remainder when 209105 is divided by 996.
941
Calculate the remainder when 4777554 is divided by 4880.
34
What is the remainder when 15163645 is divided by 27772?
133
Calcul